{"id":72,"date":"2020-10-21T09:44:49","date_gmt":"2020-10-21T12:44:49","guid":{"rendered":"https:\/\/pematematica.com.br\/site\/?page_id=72"},"modified":"2021-09-22T16:33:15","modified_gmt":"2021-09-22T19:33:15","slug":"apresentacao","status":"publish","type":"page","link":"https:\/\/pematematica.com.br\/?page_id=72","title":{"rendered":"Apresenta\u00e7\u00e3o"},"content":{"rendered":"<div id=\"pl-72\"  class=\"panel-layout\" ><div id=\"pg-72-0\"  class=\"panel-grid panel-no-style\" ><div id=\"pgc-72-0-0\"  class=\"panel-grid-cell\" ><div id=\"panel-72-0-0-0\" class=\"so-panel widget widget_sow-editor panel-first-child panel-last-child\" data-index=\"0\" ><div\n\t\t\t\n\t\t\tclass=\"so-widget-sow-editor so-widget-sow-editor-base\"\n\t\t\t\n\t\t>\n<div class=\"siteorigin-widget-tinymce textwidget\">\n\t<p>Esta homepage faz parte do trabalho de Mestrado Profissional em Ensino de Ci\u00eancias Naturais e Matem\u00e1tica \u2013 PPGECNM, \u00e1rea de concentra\u00e7\u00e3o em Educa\u00e7\u00e3o Matem\u00e1tica, vinculado \u00e0 Universidade Federal do Rio Grande do Norte \u2013 UFRN, do mestrando Prof. Caio C\u00e9zar Cavalcante, com orienta\u00e7\u00e3o do Prof. Dr. Fernando Guedes Cury.<\/p>\n<p>Ele tem por objetivo maior, aproximar professores de Matem\u00e1tica da Educa\u00e7\u00e3o B\u00e1sica e Produtos Educacionais (PE) desenvolvidos em Mestrados Profissionais em Ensino (MPE) na \u00e1rea da matem\u00e1tica, os quais ficam \u201cguardados\u201d nos sites dos respectivos Programas de Mestrado e nos reposit\u00f3rios institucionais das Universidades e, n\u00e3o chegam na sala de aula, como se imaginava.<\/p>\n<p>Esta p\u00e1gina de internet (site\/homepage), est\u00e1 vinculado a uma pesquisa maior, intitulada de <strong>Produtos Educacionais do Mestrado Profissional em Ensino de Ci\u00eancias Naturais e Matem\u00e1tica da UFRN (PPGECNM\/UFRN): como s\u00e3o aqueles voltados para matem\u00e1tica?<\/strong> e busca responder \u00e0 quest\u00e3o-foco: <strong>quais as caracter\u00edsticas dos produtos educacionais desenvolvidos no mestrado profissional em ensino de ci\u00eancias naturais e matem\u00e1tica da UFRN, na \u00e1rea de matem\u00e1tica, produzidos nas \u00faltimas duas d\u00e9cadas e quais suas rela\u00e7\u00f5es com as pesquisas desenvolvidas por seus autores?<\/strong><\/p>\n<\/div>\n<\/div><\/div><\/div><\/div><\/div>","protected":false},"excerpt":{"rendered":"<p>Esta homepage faz parte do trabalho de Mestrado Profissional em Ensino de Ci\u00eancias Naturais e Matem\u00e1tica \u2013 PPGECNM, \u00e1rea de concentra\u00e7\u00e3o em Educa\u00e7\u00e3o Matem\u00e1tica, vinculado \u00e0 Universidade Federal do Rio Grande do Norte \u2013 UFRN, do mestrando Prof. Caio C\u00e9zar Cavalcante, com orienta\u00e7\u00e3o do Prof. Dr. Fernando Guedes Cury. Ele tem por objetivo maior, aproximar [&hellip;]<\/p>\n","protected":false},"author":1,"featured_media":0,"parent":2,"menu_order":0,"comment_status":"closed","ping_status":"closed","template":"","meta":[],"acf":[],"_links":{"self":[{"href":"https:\/\/pematematica.com.br\/index.php?rest_route=\/wp\/v2\/pages\/72"}],"collection":[{"href":"https:\/\/pematematica.com.br\/index.php?rest_route=\/wp\/v2\/pages"}],"about":[{"href":"https:\/\/pematematica.com.br\/index.php?rest_route=\/wp\/v2\/types\/page"}],"author":[{"embeddable":true,"href":"https:\/\/pematematica.com.br\/index.php?rest_route=\/wp\/v2\/users\/1"}],"replies":[{"embeddable":true,"href":"https:\/\/pematematica.com.br\/index.php?rest_route=%2Fwp%2Fv2%2Fcomments&post=72"}],"version-history":[{"count":7,"href":"https:\/\/pematematica.com.br\/index.php?rest_route=\/wp\/v2\/pages\/72\/revisions"}],"predecessor-version":[{"id":2890,"href":"https:\/\/pematematica.com.br\/index.php?rest_route=\/wp\/v2\/pages\/72\/revisions\/2890"}],"up":[{"embeddable":true,"href":"https:\/\/pematematica.com.br\/index.php?rest_route=\/wp\/v2\/pages\/2"}],"wp:attachment":[{"href":"https:\/\/pematematica.com.br\/index.php?rest_route=%2Fwp%2Fv2%2Fmedia&parent=72"}],"curies":[{"name":"wp","href":"https:\/\/api.w.org\/{rel}","templated":true}]}}